 digit of c?
0
Let g(d) = 5*d - 2. Let v be g(2). Suppose -5 - v = -p - 2*n, 0 = -2*p - 5*n + 28. What is the units digit of p?
9
Let w(f) = 3*f**2 - 25*f - 18. What is the tens digit of w(11)?
7
Let l = -8 - -3. Let o be l - -8 - (0 - -12). Let d = o - -18. What is the units digit of d?
9
Let x(f) be the second derivative of f**4/12 + 4*f**3/3 + f**2 + f. What is the units digit of x(-8)?
2
Let q(c) be the third derivative of 19*c**5/30 + c**4/12 - c**3/2 + 3*c**2. What is the units digit of q(1)?
7
Let o(k) = 3*k**2 + 2*k - 1. Let a be o(1). Suppose 3 = a*s + 43. Let d = s + 19. What is the units digit of d?
9
Let y be -4*(1 - (-3)/(-12)). Let p = 12 + y. What is the units digit of p?
9
Let u(d) be the second derivative of -4*d**3/3 - 3*d**2/2 + 3*d. What is the tens digit of u(-4)?
2
Let f(j) = -8 + 3*j - 1 + 5. What is the units digit of f(4)?
8
Suppose 0 = -2*r + 2*l + 36, -3*r + 2*l + 78 = 7*l. Suppose -x = -4*x + r. What is the units digit of x?
7
Let r(j) = 1 - 4 + 2 + 3*j + 6. What is the tens digit of r(4)?
1
Suppose 5*u + 5*y - 345 = 0, 0 = 2*u + u - 2*y - 202. What is the units digit of u?
8
Let d = 60 - -15. What is the tens digit of d?
7
Suppose 2*u - 170 = -2*g + 48, -439 = -4*u - 3*g. What is the hundreds digit of u?
1
Suppose -10*z - 61 + 711 = 0. What is the tens digit of z?
6
Let v be 12/10*5/2. Suppose 0 = -0*c + v*c - 18. What is the units digit of (c/8)/((-9)/(-24))?
2
Suppose 2*z - 5*o - 276 = 0, 3*o = 2*o + 2. What is the hundreds digit of z?
1
Suppose 5*d - 1 = -2*z + 4*d, 16 = -3*z - 5*d. Let j = 5 - z. Suppose 0 = 3*c + 5*a - 1, -c - 2*c - j*a = -4. What is the units digit of c?
2
Suppose 4*d = -l - 8, 2*l + 2*d = 3*l - 4. Suppose g - 5 - 15 = l. What is the tens digit of g?
2
Let u(g) = g**2 + 1. Let n be u(1). Suppose 5*r + 36 = n*w, -3*w - 13 - 2 = 4*r. Let a = r - -12. What is the units digit of a?
6
Suppose -397 = 5*s - 1277. What is the units digit of s?
6
Let x = 5 + 17. What is the units digit of x?
2
Let c(l) be the third derivative of l**6/45 + l**4/24 - l**3/3 + 3*l**2. Let n(d) be the first derivative of c(d). What is the units digit of n(-1)?
9
Let k(d) = d**2 - d. Let m be k(2). Suppose 0 = -r - m*r + 12. Suppose u - 8 = -r. What is the units digit of u?
4
Suppose -3*a - 10 + 40 = 0. Suppose -a*g + 20 = -5*g. Suppose -v + 9 = -g*x, v + 4*v - 45 = -3*x. What is the units digit of v?
9
Let b be 3 + (-3 - -6 - 6). Let h(s) = -s**3 - s**2 + 6. Let v be h(b). Suppose v = f - 2*g - 1, -2*g = -3*f + 29. What is the units digit of f?
1
Suppose 0*g + g - 3 = 0. Suppose -a + 24 = a + g*z, 0 = -2*z. What is the units digit of a?
2
Let c(m) = -m**3 - 6*m**2 - 4*m + 7. Let t be c(-5). Suppose t*r = 2*v + 2, -4*v - 4*r = -v - 32. What is the units digit of v?
4
What is the tens digit of 61*(-6)/(-15)*10?
4
Let y(u) be the second derivative of u**5/20 + 5*u**3/6 - 2*u**2 - u. Let d be y(3). Let c = -27 + d. What is the tens digit of c?
1
Let t = -51 - -209. What is the units digit of t?
8
Let j be 1 + -7*2/(-2). Let c be 70/40 - 2/(-8). Suppose 0 = -c*i - j + 38. What is the units digit of i?
5
Suppose 8 = 2*u + a, -8*a + 4*a + 20 = 2*u. Let h = u + -1. What is the units digit of h?
1
Let l(c) = -c + 3. What is the units digit of l(-2)?
5
Suppose -4*q = 4*x - 632, 5*x + 467 = 3*q + x. What is the units digit of q?
7
Let t(p) = 8 + p**2 + 1 - 3 - 6*p. Let s be t(6). Suppose -5*q - 6 = -s*q. What is the units digit of q?
6
Suppose z - 2 = 3. Suppose -z*u + 5*s - 10 = 0, 0 = 4*u + s + 3 + 5. What is the units digit of (-3 + -1 + -5)*u?
8
Let m = 4 + 18. Suppose -29 - m = -5*l + n, 2*l + 3*n = 34. What is the tens digit of l?
1
Suppose 6 = 3*u - 120. What is the units digit of u?
2
Let g(y) = 2*y**2 + 2*y. Suppose f + 9 - 7 = 0. What is the units digit of g(f)?
4
Let m(d) = -d**3 - 4*d**2 + 10*d + 9. Let u = -9 - -3. What is the units digit of m(u)?
1
Let m(g) = 6*g**3 + g**2 - g - 1. Let v = -2 + 1. Let q be m(v). Let c = q - -14. What is the units digit of c?
9
Let l = 13 + -10. Suppose 40 = -z + l*z. What is the units digit of z?
0
Suppose u + 3*o = 7, 4*o = o + 3. Suppose u*g + 7 = 111. What is the units digit of g?
6
Let k be ((-35)/4)/(2/(-8)). Suppose -19 - k = -i - 3*t, -i + 60 = 5*t. Suppose 4*o = 4*v + v - 30, i = 2*v + 5*o. What is the units digit of v?
0
Let b(y) = y**3 - 19*y**2 - 15*y - 23. What is the units digit of b(20)?
7
Let h = 0 + 2. Suppose -h*x - 2*x = -92. Suppose 2*i - x = -3*w + 13, 0 = -w - 2*i + 12. What is the tens digit of w?
1
Let b = 21 - -7. Suppose -2*c = -20 - b. What is the tens digit of c?
2
Let y = 10 - 5. Suppose -5*o = 2*s + 2, s + 3*s - y*o - 26 = 0. Suppose 0 = 2*q + 2*u + u - 37, s*u + 64 = 3*q. What is the units digit of q?
0
Suppose -3*r = -0*r - 9, l = r + 269. What is the hundreds digit of l?
2
Suppose 9*o - 78 = 6*o. What is the tens digit of o?
2
What is the units digit of (5 - 36 - 0)*(0 - 2)?
2
Suppose -26 = -4*r + 6. What is the tens digit of (r/6)/(14/147)?
1
What is the tens digit of 1/3 + -7 + (-1120)/(-6)?
8
Suppose -m + 4*n = 4*m - 14, -m + 2*n + 4 = 0. What is the tens digit of 25 - (3 - -1 - m)?
2
Suppose -8 = 4*n - 344. What is the units digit of n?
4
Suppose -4*w - w = 10. Let n = w - -20. What is the tens digit of n?
1
Let i(g) = -g + 6. Let o be i(5). Let c = 1 + o. Suppose -2*t = c*t - 28. What is the units digit of t?
7
Let z(v) be the first derivative of 2*v**3/3 - 5*v**2/2 + 4*v - 2. What is the units digit of z(3)?
7
Let q be 3 + -5 + 13*1. Let g = q + 11. What is the units digit of g?
2
Suppose -2*r - 2*u + 5 = -7*u, 2*u + 50 = 4*r. Let i = r - 11. Suppose i*g = 3*g + o + 11, 3*o = -5*g + 47. What is the units digit of g?
0
Suppose n - 3 = 7. Suppose -4*x + t = 16, 3*x - 1 = -5*t + n. What is the units digit of -2*(-1)/(-3)*x?
2
Suppose 2*v = 74 + 20. Let l = v + -30. What is the tens digit of l?
1
Suppose -8*h - 92 = -10*h. What is the units digit of h?
6
Let u(t) = t**3 + 5*t**2 + 5*t + 2. Let j(h) = h**3 + 8*h**2 - h - 4. Let x be j(-8). Suppose x*z + 6 = 2*z. What is the units digit of u(z)?
5
Let m(o) = -o**2 - 7*o + 6. Let t be ((-6)/(-9))/((-1)/(-3)). Let k = t + -9. What is the units digit of m(k)?
6
Let c(b) = -3*b. Let w be c(-2). Let p = w - -2. Let z = 14 - p. What is the units digit of z?
6
Suppose -9*w = -10*w + 173. What is the hundreds digit of w?
1
Let z be 2/3 - (-20)/6. Let j(u) = -u**3 + u**2 + 1. Let k(m) = -4*m**3 + 2*m + 3. Let g(s) = 5*j(s) - k(s). What is the units digit of g(z)?
0
Let z(q) = -q**2 + 11*q - 4. Let y be (-6 + 9)/(1/2). What is the units digit of z(y)?
6
What is the units digit of 37 + 2 - ((-3)/(-1))/(-1)?
2
Suppose 4*a - m - 1164 = -a, 702 = 3*a + 3*m. What is the hundreds digit of a?
2
Let w be (2 + -1)/(5/275). Suppose -5*d = -0*d + w. Let h = -3 - d. What is the units digit of h?
8
Suppose 2*q = -l - 6, 8 = -3*l - 3*q - q. Suppose -44 = -l*c + 12. What is the tens digit of c?
1
What is the tens digit of 81 - 18 - -3*1?
6
What is the units digit of -28*((-15)/35 - 3)?
6
Suppose x = -4*x + 620. What is the hundreds digit of x?
1
Let j(c) be the third derivative of 0 + 2*c**2 - 1/24*c**4 + 0*c - 5/6*c**3. What is the units digit of j(-7)?
2
Suppose 0 = 4*g + 4 - 12. Let b be g - (-16 + (-1 - -3)). Suppose -2*y - 4 + b = 0. What is the units digit of y?
6
Let b be (-1 - -1)*3/6. Suppose b*s - 25 = -s. What is the units digit of s?
5
Let f be (20/8)/(1/(-2)). Let o = 10 - f. What is the units digit of o?
5
Let h = -17 - -1. What is the units digit of h/(-4) + (2 - -1)?
7
Let v(g) = 2*g**2 - 15*g + 11. What is the tens digit of v(11)?
8
Suppose 0*c = -c + 9. Let q(l) = 3*l**2 + c*l**2 + l**2 + 1. What is the units digit of q(1)?
4
Suppose 0 = -4*u + 8, 2*s - 32 = -s - 4*u. Let i = s - 7. What is the units digit of 1/((-4)/6 + i)?
3
Let w = 50 - 17. What is the tens digit of w?
3
Suppose 1108 = 2*t + 356. What is the hundreds digit of t?
3
Suppose -50 = -0*u - 4*u - 3*x, -4*x - 36 = -2*u. What is the tens digit of u?
1
Suppose 4*t - 5*t + 3*q + 200 = 0, 0 = -3*t + 4*q + 600. What is the tens digit of t?
0
What is the units digit of 28*18/(-24)*-18?
8
Let b = -77 + 158. What is the units digit of b?
1
Let y be 2/9 + (-14)/(-18). What is the units digit of 3 + -4 + y*18?
7
Suppose -2*o - 4*x + 100 + 28 = 0, 5*x - 